
List the prime factors of 2142.
2, 3, 7, 17
What are the prime factors of 60799?
163, 373
What are the prime factors of 8716?
2, 2179
What are the prime factors of 2180?
2, 5, 109
What are the prime factors of 790?
2, 5, 79
What are the prime factors of 83828?
2, 19, 1103
List the prime factors of 1240.
2, 5, 31
List the prime factors of 28.
2, 7
What are the prime factors of 54462?
2, 3, 29, 313
What are the prime factors of 114442?
2, 57221
List the prime factors of 57059.
57059
What are the prime factors of 4817?
4817
List the prime factors of 40634.
2, 11, 1847
What are the prime factors of 10?
2, 5
List the prime factors of 20742.
2, 3, 3457
List the prime factors of 42832.
2, 2677
List the prime factors of 2789.
2789
List the prime factors of 9617.
59, 163
List the prime factors of 6211.
6211
What are the prime factors of 30638?
2, 15319
List the prime factors of 7462.
2, 7, 13, 41
What are the prime factors of 28018?
2, 14009
List the prime factors of 2399.
2399
What are the prime factors of 721?
7, 103
List the prime factors of 203719.
137, 1487
What are the prime factors of 6441?
3, 19, 113
What are the prime factors of 9230?
2, 5, 13, 71
What are the prime factors of 2412?
2, 3, 67
What are the prime factors of 2013?
3, 11, 61
What are the prime factors of 862?
2, 431
List the prime factors of 19837.
83, 239
List the prime factors of 4408.
2, 19, 29
What are the prime factors of 26909?
71, 379
What are the prime factors of 386?
2, 193
What are the prime factors of 48866?
2, 53, 461
What are the prime factors of 2624?
2, 41
List the prime factors of 208.
2, 13
List the prime factors of 233.
233
What are the prime factors of 16300?
2, 5, 163
What are the prime factors of 5568?
2, 3, 29
What are the prime factors of 2117?
29, 73
List the prime factors of 645.
3, 5, 43
List the prime factors of 45008.
2, 29, 97
List the prime factors of 24872.
2, 3109
List the prime factors of 59383.
43, 1381
List the prime factors of 15060.
2, 3, 5, 251
What are the prime factors of 7409?
31, 239
What are the prime factors of 1803?
3, 601
What are the prime factors of 21683?
21683
What are the prime factors of 1313?
13, 101
List the prime factors of 294.
2, 3, 7
List the prime factors of 4093.
4093
List the prime factors of 12012.
2, 3, 7, 11, 13
What are the prime factors of 7651?
7, 1093
What are the prime factors of 1308?
2, 3, 109
What are the prime factors of 6944?
2, 7, 31
What are the prime factors of 24039?
3, 2671
What are the prime factors of 38664?
2, 3, 179
What are the prime factors of 155?
5, 31
List the prime factors of 1216.
2, 19
What are the prime factors of 1134?
2, 3, 7
List the prime factors of 15501.
3, 5167
List the prime factors of 55342.
2, 7, 59, 67
List the prime factors of 777.
3, 7, 37
List the prime factors of 764.
2, 191
What are the prime factors of 122811?
3, 13, 47, 67
What are the prime factors of 2869?
19, 151
What are the prime factors of 7399?
7, 151
What are the prime factors of 23378?
2, 11689
What are the prime factors of 100656?
2, 3, 233
List the prime factors of 13845.
3, 5, 13, 71
List the prime factors of 104631.
3, 34877
What are the prime factors of 432?
2, 3
List the prime factors of 409.
409
List the prime factors of 435.
3, 5, 29
What are the prime factors of 1774?
2, 887
List the prime factors of 5597.
29, 193
What are the prime factors of 586?
2, 293
What are the prime factors of 1519?
7, 31
List the prime factors of 4018.
2, 7, 41
List the prime factors of 3694.
2, 1847
What are the prime factors of 2823?
3, 941
What are the prime factors of 579?
3, 193
List the prime factors of 2686.
2, 17, 79
What are the prime factors of 27272?
2, 7, 487
List the prime factors of 8444.
2, 2111
What are the prime factors of 1125?
3, 5
List the prime factors of 34188.
2, 3, 7, 11, 37
What are the prime factors of 35791?
7, 5113
What are the prime factors of 92052?
2, 3, 2557
What are the prime factors of 26964?
2, 3, 7, 107
What are the prime factors of 243?
3
List the prime factors of 168.
2, 3, 7
What are the prime factors of 953?
953
What are the prime factors of 934?
2, 467
What are the prime factors of 32627?
7, 59, 79
List the prime factors of 25560.
2, 3, 5, 71
What are the prime factors of 91?
7, 13
What are the prime factors of 738?
2, 3, 41
What are the prime factors of 9128?
2, 7, 163
What are the prime factors of 32100?
2, 3, 5, 107
List the prime factors of 2203.
2203
What are the prime factors of 2034?
2, 3, 113
What are the prime factors of 394?
2, 197
List the prime factors of 1708.
2, 7, 61
List the prime factors of 906.
2, 3, 151
What are the prime factors of 2518?
2, 1259
List the prime factors of 664.
2, 83
List the prime factors of 6823.
6823
List the prime factors of 36351.
3, 7, 577
List the prime factors of 2958.
2, 3, 17, 29
List the prime factors of 801.
3, 89
What are the prime factors of 1504?
2, 47
List the prime factors of 5799.
3, 1933
List the prime factors of 26756.
2, 6689
What are the prime factors of 28818?
2, 3, 1601
List the prime factors of 58303.
7, 8329
List the prime factors of 459.
3, 17
What are the prime factors of 17414?
2, 8707
List the prime factors of 8100.
2, 3, 5
What are the prime factors of 19404?
2, 3, 7, 11
List the prime factors of 11012.
2, 2753
List the prime factors of 3781.
19, 199
List the prime factors of 1721.
1721
What are the prime factors of 669?
3, 223
List the prime factors of 121400.
2, 5, 607
List the prime factors of 8249.
73, 113
What are the prime factors of 2707?
2707
What are the prime factors of 6670?
2, 5, 23, 29
What are the prime factors of 6120?
2, 3, 5, 17
List the prime factors of 403.
13, 31
List the prime factors of 1730.
2, 5, 173
What are the prime factors of 15880?
2, 5, 397
List the prime factors of 99319.
11, 9029
What are the prime factors of 72063?
3, 17, 157
List the prime factors of 95.
5, 19
What are the prime factors of 33508?
2, 8377
List the prime factors of 40255.
5, 83, 97
What are the prime factors of 19409?
13, 1493
What are the prime factors of 67943?
67943
What are the prime factors of 988?
2, 13, 19
List the prime factors of 797.
797
What are the prime factors of 360?
2, 3, 5
What are the prime factors of 2316?
2, 3, 193
What are the prime factors of 2918?
2, 1459
What are the prime factors of 92639?
92639
What are the prime factors of 1317?
3, 439
What are the prime factors of 728?
2, 7, 13
What are the prime factors of 1269?
3, 47
What are the prime factors of 3079?
3079
What are the prime factors of 23835?
3, 5, 7, 227
List the prime factors of 898.
2, 449
What are the prime factors of 5787?
3, 643
What are the prime factors of 6583?
29, 227
What are the prime factors of 11718?
2, 3, 7, 31
What are the prime factors of 1211?
7, 173
List the prime factors of 26265.
3, 5, 17, 103
List the prime factors of 8603.
7, 1229
What are the prime factors of 842?
2, 421
What are the prime factors of 910?
2, 5, 7, 13
List the prime factors of 71921.
23, 53, 59
What are the prime factors of 5020?
2, 5, 251
What are the prime factors of 2514?
2, 3, 419
What are the prime factors of 1549?
1549
List the prime factors of 955.
5, 191
List the prime factors of 132534.
2, 3, 37, 199
What are the prime factors of 592?
2, 37
List the prime factors of 16130.
2, 5, 1613
What are the prime factors of 3158?
2, 1579
List the prime factors of 12826.
2, 11, 53
List the prime factors of 73407.
3, 24469
What are the prime factors of 54635?
5, 7, 223
What are the prime factors of 15404?
2, 3851
List the prime factors of 93817.
23, 4079
List the prime factors of 2546.
2, 19, 67
List the prime factors of 2639.
7, 13, 29
What are the prime factors of 4402?
2, 31, 71
What are the prime factors of 3584?
2, 7
List the prime factors of 84500.
2, 5, 13
What are the prime factors of 541?
541
What are the prime factors of 3625?
5, 29
What are the prime factors of 146068?
2, 13, 53
What are the prime factors of 3139?
43, 73
List the prime factors of 2874.
2, 3, 479
List the prime factors of 1779.
3, 593
What are the prime factors of 627?
3, 11, 19
List the prime factors of 472.
2, 59
What are the prime factors of 7052?
2, 41, 43
What are the prime factors of 3020?
2, 5, 151
What are the prime factors of 13225?
5, 23
What are the prime factors of 52